232. What is the greatest common divisor of d and 1491?
213
Let o(q) = 2*q**2 + 63*q - 1069. Let x be o(13). What is the greatest common divisor of 220 and x?
44
Let j be (6 - -1) + 1/1. Suppose -20*o + 2716 = j*o. Calculate the highest common divisor of 776 and o.
97
Let i be 12/27 - (-3)/((-216)/32). Suppose i = 368*t - 355*t - 208. What is the greatest common divisor of 816 and t?
16
Let s(v) = 3*v**3 + 16*v**2 + 8*v + 22. Let k be s(-5). Suppose 0 = -3*h + 54 + 471. What is the highest common divisor of h and k?
7
Let g = -81 - -130. Let d be 7/(10/36 - (-4)/18). Calculate the highest common factor of g and d.
7
Suppose -4 - 8 = 4*h. Let x be h*3*238/(-63). Calculate the greatest common divisor of x and 374.
34
Let g = 311 - 308. Suppose -3*h + 313 = 2*k, -g*k = -2*h + 106 + 107. What is the highest common divisor of 45 and h?
15
Let w be (-2 + 7)/(2/(-532)*-7). Calculate the greatest common divisor of w and 4370.
190
Suppose 90*m + 24*m - 26439 - 10953 = 0. What is the highest common factor of 41 and m?
41
Let t be 154 - ((-1 - -2) + -1). Let l = -5848 - -5870. What is the highest common factor of l and t?
22
Let o(g) = g**3 + g + 8. Let w = 10 + -10. Let t be o(w). Suppose 3*m + 827 = 875. What is the greatest common factor of m and t?
8
Let h(t) = 2*t + 1. Let o = 24 + -26. Let s be h(o). Let u be (s/2)/((-4)/(880/6)). Calculate the highest common factor of 11 and u.
11
Let k be ((-3)/(2 + 1) - -5)/((-510)/(-329460)). Calculate the highest common factor of k and 3040.
152
Let n = 359 - 317. Suppose -3*y - 3*s = -5*y - 12, -3*y + 20 = 5*s. Suppose y = -2*o - 0*o + 10, 4 = -j + 2*o. Calculate the highest common divisor of j and n.
6
Let p be -1 + 49 + -6 + -2. Suppose 5*d = 10, x = 3*d - 0*d + 2. What is the greatest common divisor of p and x?
8
Let j(g) = -g**3 - g**2 - 8*g - 18. Let o = 157 - 159. Let t be j(o). Calculate the greatest common divisor of t and 2.
2
Let y be (26 - 47)/((-9)/87). Calculate the greatest common divisor of y and 145.
29
Suppose 8*w = 4*w + 20. Suppose -y - 8 = -w*y. Let f = 1460 + -1444. What is the highest common factor of f and y?
2
Let s = 26628 + -26534. What is the highest common divisor of s and 40608?
94
Let h(c) = -4 - 57*c - 2*c**3 - 47*c + 112*c + 4*c**2. Let q be h(4). Let d = 46 + q. Calculate the highest common factor of 30 and d.
10
Suppose 12*k + 743 = -8845. Let y = k - -810. What is the highest common divisor of y and 484?
11
Suppose 1356 = 22*x - 19*x + 3*o, 0 = 2*x - 3*o - 924. What is the highest common factor of x and 2850?
114
Let u = 2814 - 2809. What is the highest common divisor of u and 445?
5
Let o(d) = -415*d**3 - 1 + 3*d + 414*d**3 - d - 2*d. Let w be o(-3). What is the highest common divisor of w and 195?
13
Suppose -2*n + 3332 = 117*y - 115*y, n - 5*y - 1636 = 0. Calculate the highest common factor of n and 121.
11
Let w(o) = 778*o**3 - 7*o**2 - 4*o + 1. Let j be w(-1). Let a = -659 - j. What is the highest common divisor of 22 and a?
11
Let f = -3112 + 3211. Calculate the highest common divisor of 15 and f.
3
Let u be ((-378)/441)/(4/(-35))*32. What is the highest common factor of 135 and u?
15
Let o be 204/(-9)*4*9/144*-18. What is the greatest common divisor of o and 4182?
102
Let v = 6634 - 5474. Calculate the greatest common divisor of v and 1015.
145
Suppose 3*p - 31 = -4*o, -5*o = 5*p - 30 - 15. Suppose 250 = 6*q + o. Calculate the highest common factor of 41 and q.
41
Let r(k) = 30*k**2 - 300*k - 1807. Let m be r(-6). Calculate the highest common factor of 37 and m.
37
Let x be ((-9)/(-12))/(1/(-4)*-1). Let q(b) = -8*b**2 - 9*b + 7. Let k be q(x). Let c = k - -139. What is the highest common factor of 423 and c?
47
Let c be ((-10)/(-11))/(90/19395) + 2/22. What is the greatest common divisor of 8 and c?
4
Let s = 28118 + -27776. Calculate the highest common factor of s and 558.
18
Suppose 2*o = -3*s - 12, 11*s = o + 6*s - 7. Let m = o - -5. Suppose -6*n = -m*n - 152. What is the greatest common factor of n and 95?
19
Suppose -15*t + i = -17*t + 405, -8*t + 1641 = -3*i. Calculate the highest common divisor of 972 and t.
12
Let s = 42 + -25. Let q(g) = -g + 25. Let h be q(s). Let a be (20/25)/(2/20). What is the greatest common divisor of a and h?
8
Let u(m) = 2*m**2 - 6*m - 5. Let q be u(-5). Suppose s - 3 = q. What is the highest common factor of s and 26?
26
Let f = 4345 - 3945. What is the greatest common divisor of 3400 and f?
200
Let x be (-69)/(-6) - (168/(-16))/(-7). Calculate the greatest common divisor of x and 155.
5
Let c = 27419 - 27395. Calculate the highest common factor of c and 364.
4
Let c(j) = -2*j**3 - 5*j**2 + 16*j + 4. Let t be c(-4). Let k(a) = -a**3 - 2*a**2 + 16*a + 63. Let s be k(t). Calculate the highest common divisor of s and 69.
69
Let y be (-21)/(-49)*-7 - -377. Calculate the greatest common divisor of 198 and y.
22
Suppose 0 = 3*g - 15 - 3. Let p be -28*((-72)/14)/g. Calculate the greatest common factor of p and 18.
6
Suppose 63 = 3*v + 3*o, 0*v + 4*o - 30 = -v. Let c = 38368 - 38062. Calculate the greatest common factor of c and v.
18
Let k(f) = 50*f + 7128. Let t be k(-142). What is the highest common factor of t and 1778?
14
Suppose -47001 + 15342 = -88*r + 49653. Let c be (-90)/(-4) - 3/6. Calculate the highest common divisor of c and r.
22
Let c(i) = 45*i + 4201. Let o be c(-93). Calculate the highest common factor of 464 and o.
16
Let s(k) be the first derivative of 5/2*k**2 - 14*k - 26 - 1/4*k**4 + 2*k**3. Let m be s(6). Calculate the greatest common divisor of 4 and m.
4
Let u(i) = -3*i**3 - 23*i**2 + 31*i - 8. Let x be u(-9). What is the greatest common factor of x and 629?
37
Suppose -7*o - 10 = -605. Suppose -76*l + o*l = 1539. What is the highest common factor of l and 19?
19
Suppose -84*x + 11880 = 81*x. What is the highest common divisor of x and 28?
4
Let z = 5701 + -5665. Calculate the highest common divisor of z and 52.
4
Let x(i) = -i**2 + 6*i - 15. Let k be x(-7). Let y = 293 + k. What is the greatest common factor of 22 and y?
11
Let n(y) = y**3 + 24*y**2 + 70*y + 598. Let f be n(-22). Calculate the highest common divisor of f and 3471.
13
Let w be (64/20)/8 - (-103392)/20. Calculate the greatest common factor of w and 220.
110
Let a(d) = 89*d + 13. Let v be a(4). Let f = v - 259. Suppose 66 = -0*p + 3*p. Calculate the greatest common factor of p and f.
22
Let w = -8542 - -15829. Calculate the greatest common divisor of w and 21.
21
Suppose 141 + 9 = p + 2*v, -3*v = -2*p + 279. What is the greatest common factor of 26 and p?
2
Suppose -4*q - 3*c + 168 = 0, -4*q = c + 78 - 254. What is the greatest common divisor of 495 and q?
45
Let h be -5*1*(4 + 20/(-4)). Suppose 70 = 5*c + h*j, j = 5*c - 3 - 91. What is the highest common divisor of c and 144?
18
Suppose 0 = 86*y + 28*y - 357504. What is the greatest common factor of 64 and y?
64
Let h = 5992 - 3272. What is the highest common divisor of 64 and h?
32
Let q = -7148 - -7211. Calculate the highest common divisor of q and 72.
9
Let v be (3*(-41629)/57)/(2/(-56)). Calculate the greatest common divisor of v and 196.
196
Suppose 377 = 9*u + 5*u + 15*u. What is the highest common divisor of u and 18551?
13
Suppose 2*s = 4*v - 23574, -6*v - s - 17677 = -9*v. What is the greatest common factor of v and 190?
190
Suppose -11*g + 14*g = -24*g + 5346. Calculate the highest common factor of g and 450.
18
Let j = 12 - 4. Suppose c - 14 = j. Suppose 76*s - 6699 = -11. Calculate the highest common factor of s and c.
22
Suppose 4 - 39 = -n. Let c(d) = -15*d - 14. Let j be c(-2). Suppose 19 + j = 5*z. What is the highest common factor of n and z?
7
Let f(k) = -8*k - 56. Let n be f(-12). Suppose 2*t - 2*o - n = 0, 7*o - 8*o = -2*t + 38. What is the highest common factor of 30 and t?
6
Let q(r) = -3*r - 55. Let m be q(-20). Let w = -18 + 28. Suppose 2*v - z = -v + 2, 5*z = m*v + w. Calculate the highest common divisor of 3 and v.
1
Let i(l) = -375*l + 97. Let w be i(-2). Let m = 155 + -78. Calculate the highest common factor of w and m.
77
Suppose 129*c = 167*c - 47614. Calculate the greatest common divisor of 7 and c.
7
Let k(a) = -a**3 - 15*a**2 - 36*a. Suppose -c - 28 = 3*h + 16, h = 3*c + 2. Let t be k(h). Calculate the greatest common factor of t and 50.
10
Suppose 2*b + 0*b = 580.